 is the greatest common factor of 629 and 51?
17
What is the highest common divisor of 935 and 3355?
55
What is the highest common factor of 14 and 448?
14
Calculate the highest common factor of 270 and 50895.
135
Calculate the highest common divisor of 39645 and 45.
45
What is the greatest common divisor of 6 and 2518?
2
What is the greatest common factor of 1596 and 84?
84
What is the greatest common divisor of 134 and 122?
2
What is the highest common divisor of 408 and 16?
8
Calculate the highest common factor of 100 and 6250.
50
Calculate the greatest common factor of 1501 and 342.
19
Calculate the greatest common divisor of 608 and 40.
8
Calculate the greatest common divisor of 46 and 2162.
46
Calculate the highest common factor of 542 and 2.
2
Calculate the greatest common factor of 11 and 1727.
11
Calculate the highest common divisor of 52221 and 13.
13
What is the highest common factor of 100 and 1525?
25
What is the greatest common divisor of 702 and 182?
26
Calculate the highest common divisor of 161 and 14.
7
Calculate the highest common divisor of 298 and 7897.
149
Calculate the greatest common divisor of 462 and 84.
42
What is the greatest common divisor of 104 and 32?
8
Calculate the greatest common divisor of 2408 and 112.
56
Calculate the highest common divisor of 1325 and 50.
25
What is the highest common divisor of 868 and 248?
124
What is the greatest common divisor of 266 and 42?
14
What is the greatest common divisor of 780 and 15?
15
What is the highest common divisor of 118 and 826?
118
What is the highest common divisor of 67 and 4891?
67
What is the greatest common divisor of 882 and 2450?
98
Calculate the greatest common factor of 7587 and 281.
281
What is the greatest common divisor of 12600 and 440?
40
Calculate the highest common divisor of 65 and 39.
13
What is the greatest common factor of 11724 and 228?
12
What is the highest common factor of 2080 and 286?
26
Calculate the greatest common divisor of 115 and 5.
5
Calculate the greatest common factor of 341 and 62.
31
Calculate the highest common factor of 4320 and 192.
96
What is the greatest common divisor of 1458 and 1728?
54
Calculate the greatest common divisor of 38 and 19.
19
Calculate the greatest common divisor of 1369 and 111.
37
Calculate the greatest common factor of 5764 and 44.
44
What is the greatest common divisor of 128 and 80?
16
What is the greatest common factor of 15160 and 40?
40
Calculate the highest common divisor of 338 and 598.
26
What is the greatest common divisor of 26 and 91?
13
Calculate the greatest common factor of 286 and 91.
13
What is the highest common divisor of 1470 and 882?
294
What is the highest common divisor of 34 and 646?
34
What is the highest common factor of 2212 and 28?
28
Calculate the highest common factor of 6720 and 48.
48
What is the greatest common factor of 438 and 6?
6
Calculate the highest common divisor of 1551 and 66.
33
What is the highest common divisor of 87 and 290?
29
What is the greatest common divisor of 77 and 99?
11
Calculate the highest common factor of 78 and 208.
26
Calculate the greatest common factor of 200 and 440.
40
What is the greatest common divisor of 4869 and 27?
9
What is the highest common factor of 3 and 51?
3
What is the highest common factor of 6 and 18?
6
What is the greatest common divisor of 75 and 25?
25
What is the greatest common divisor of 18 and 2268?
18
What is the highest common factor of 495 and 22?
11
Calculate the highest common factor of 26 and 962.
26
Calculate the greatest common factor of 2 and 325.
1
Calculate the greatest common factor of 28 and 2555.
7
What is the highest common divisor of 10 and 179?
1
Calculate the greatest common factor of 1448 and 136.
8
Calculate the highest common divisor of 75 and 165.
15
What is the highest common divisor of 156 and 40092?
156
Calculate the greatest common divisor of 54 and 54.
54
Calculate the highest common factor of 22 and 242.
22
Calculate the highest common factor of 69 and 966.
69
Calculate the highest common divisor of 61 and 1037.
61
What is the greatest common factor of 11 and 1067?
11
What is the greatest common factor of 32 and 288?
32
What is the greatest common divisor of 2923 and 259?
37
What is the highest common divisor of 56 and 1624?
56
What is the greatest common divisor of 18172 and 590?
118
What is the greatest common factor of 2286 and 18?
18
What is the greatest common divisor of 1548 and 32?
4
Calculate the highest common factor of 2573 and 62.
31
What is the highest common divisor of 7 and 343?
7
Calculate the highest common factor of 180 and 72.
36
Calculate the highest common divisor of 2470 and 520.
130
Calculate the greatest common divisor of 24 and 20676.
12
Calculate the highest common divisor of 72 and 168.
24
Calculate the greatest common factor of 175 and 100.
25
Calculate the greatest common divisor of 5753 and 11.
11
What is the highest common factor of 6448 and 62?
62
What is the highest common factor of 408 and 1326?
102
What is the highest common factor of 37 and 925?
37
What is the highest common divisor of 767 and 52?
13
What is the greatest common factor of 4886 and 56?
14
What is the highest common divisor of 1133 and 55?
11
Calculate the greatest common divisor of 564 and 48.
12
What is the greatest common divisor of 112 and 464?
16
What is the highest common factor of 480 and 15?
15
What is the greatest common factor of 4860 and 450?
90
Calculate the highest common divisor of 10 and 620.
10
Calculate the greatest common factor of 168 and 266.
14
Calculate the greatest common divisor of 12 and 8.
4
Calculate the highest common divisor of 112 and 56.
56
Calculate the highest common divisor of 78 and 156.
78
What is the greatest common factor of 3 and 144?
3
Calculate the greatest common factor of 11044 and 44.
44
Calculate the greatest common factor of 356 and 2581.
89
Calculate the highest common factor of 48 and 608.
16
Calculate the greatest common factor of 22 and 440.
22
Calculate the greatest common factor of 160 and 8.
8
What is the greatest common factor of 310 and 1054?
62
Calculate the highest common divisor of 580 and 20.
20
Calculate the greatest common divisor of 649 and 59.
59
What is the highest common factor of 161 and 782?
23
What is the highest common divisor of 430 and 30?
10
What is the highest common factor of 45 and 5760?
45
Calculate the greatest common factor of 114 and 18.
6
Calculate the highest common factor of 45 and 45.
45
Calculate the greatest common factor of 187 and 11.
11
Calculate the greatest common divisor of 32 and 2768.
16
Calculate the greatest common divisor of 1225 and 35.
35
Calculate the greatest common divisor of 36 and 7116.
12
What is the greatest common factor of 26 and 78?
26
Calculate the greatest common divisor of 40 and 88.
8
Calculate the highest common factor of 35 and 217.
7
Calculate the greatest common divisor of 90 and 130.
10
What is the highest common factor of 102 and 3162?
102
Calculate the greatest common divisor of 927 and 9.
9
What is the greatest common divisor of 448 and 1008?
112
What is the greatest common factor of 3 and 303?
3
Calculate the greatest common factor of 510 and 30.
30
What is the highest common divisor of 1290 and 172?
86
What is the greatest common factor of 122 and 21106?
122
Calculate the highest common divisor of 170 and 1156.
34
Calculate the greatest common factor of 329 and 470.
47
Calculate the greatest common divisor of 7070 and 140.
70
Calculate the greatest common divisor of 5025 and 134.
67
Calculate the greatest common factor of 36 and 1212.
12
Calculate the greatest common factor of 986 and 232.
58
What is the highest common divisor of 765 and 45?
45
Calculate the highest common factor of 768 and 6.
6
Calculate the highest common divisor of 26 and 13455.
13
Calculate the greatest common divisor of 91 and 117.
13
Calculate the greatest common divisor of 230 and 510.
10
What is the greatest common factor of 130 and 90?
10
What is the greatest common divisor of 190 and 10?
10
Calculate the greatest common factor of 75 and 975.
75
Calculate the greatest common divisor of 836 and 110.
22
Calculate the highest common divisor of 17792 and 139.
139
What is the highest common factor 